{"id":551,"date":"2024-01-11T11:18:16","date_gmt":"2024-01-11T11:18:16","guid":{"rendered":"https:\/\/www.casantiagocasarural.com\/?page_id=551"},"modified":"2025-10-14T08:16:13","modified_gmt":"2025-10-14T08:16:13","slug":"preus-i-reserves","status":"publish","type":"page","link":"https:\/\/www.casantiagocasarural.com\/index.php\/preus-i-reserves\/","title":{"rendered":"Preus i Reserves"},"content":{"rendered":"\t\t<div data-elementor-type=\"wp-page\" data-elementor-id=\"551\" class=\"elementor elementor-551\">\n\t\t\t\t<div class=\"elementor-element elementor-element-aa4c8ba e-flex e-con-boxed e-con e-parent\" data-id=\"aa4c8ba\" data-element_type=\"container\" data-e-type=\"container\">\n\t\t\t\t\t<div class=\"e-con-inner\">\n\t\t<div class=\"elementor-element elementor-element-5ce8382 e-con-full e-flex e-con e-child\" data-id=\"5ce8382\" data-element_type=\"container\" data-e-type=\"container\">\n\t\t\t\t<div class=\"elementor-element elementor-element-a87fd3e elementor-widget elementor-widget-text-editor\" data-id=\"a87fd3e\" data-element_type=\"widget\" data-e-type=\"widget\" data-widget_type=\"text-editor.default\">\n\t\t\t\t<div class=\"elementor-widget-container\">\n\t\t\t\t\t\t\t\t\t<h1>LA LLAR DE BAIX<\/h1><ul><li>100\u20ac per la casa, 10\u20ac extra per persona en <strong>temporada baixa.<\/strong><\/li><li>120\u20ac per la casa,\u00a010\u20ac extra per persona en <strong>temporada alta*<\/strong><\/li><\/ul>\t\t\t\t\t\t\t\t<\/div>\n\t\t\t\t<\/div>\n\t\t\t\t<\/div>\n\t\t<div class=\"elementor-element elementor-element-0d19f5f e-con-full e-flex e-con e-child\" data-id=\"0d19f5f\" data-element_type=\"container\" data-e-type=\"container\">\n\t\t\t\t<div class=\"elementor-element elementor-element-19a7da9 elementor-widget elementor-widget-spacer\" data-id=\"19a7da9\" data-element_type=\"widget\" data-e-type=\"widget\" data-widget_type=\"spacer.default\">\n\t\t\t\t<div class=\"elementor-widget-container\">\n\t\t\t\t\t\t\t<div class=\"elementor-spacer\">\n\t\t\t<div class=\"elementor-spacer-inner\"><\/div>\n\t\t<\/div>\n\t\t\t\t\t\t<\/div>\n\t\t\t\t<\/div>\n\t\t\t\t<div class=\"elementor-element elementor-element-93955f6 elementor-widget elementor-widget-text-editor\" data-id=\"93955f6\" data-element_type=\"widget\" data-e-type=\"widget\" data-widget_type=\"text-editor.default\">\n\t\t\t\t<div class=\"elementor-widget-container\">\n\t\t\t\t\t\t\t\t\t<h1>L&#8217;ANGORFA<\/h1><ul><li>90\u20ac per la casa, 10\u20ac extra per persona en <strong>temporada baixa.<\/strong><\/li><li>110\u20ac per la casa, 10\u20ac extra per persona en <strong>temporada alta*<\/strong><\/li><\/ul>\t\t\t\t\t\t\t\t<\/div>\n\t\t\t\t<\/div>\n\t\t\t\t<\/div>\n\t\t\t\t\t<\/div>\n\t\t\t\t<\/div>\n\t\t<div class=\"elementor-element elementor-element-f5c6040 e-flex e-con-boxed e-con e-parent\" data-id=\"f5c6040\" data-element_type=\"container\" data-e-type=\"container\">\n\t\t\t\t\t<div class=\"e-con-inner\">\n\t\t\t\t<div class=\"elementor-element elementor-element-aa7124b elementor-widget-divider--view-line elementor-widget elementor-widget-divider\" data-id=\"aa7124b\" data-element_type=\"widget\" data-e-type=\"widget\" data-widget_type=\"divider.default\">\n\t\t\t\t<div class=\"elementor-widget-container\">\n\t\t\t\t\t\t\t<div class=\"elementor-divider\">\n\t\t\t<span class=\"elementor-divider-separator\">\n\t\t\t\t\t\t<\/span>\n\t\t<\/div>\n\t\t\t\t\t\t<\/div>\n\t\t\t\t<\/div>\n\t\t\t\t<div class=\"elementor-element elementor-element-4a4abd5 elementor-widget elementor-widget-text-editor\" data-id=\"4a4abd5\" data-element_type=\"widget\" data-e-type=\"widget\" data-widget_type=\"text-editor.default\">\n\t\t\t\t<div class=\"elementor-widget-container\">\n\t\t\t\t\t\t\t\t\t<h1>LA CASA SENCERA (LLAR DE BAIX + ANGORFA)<\/h1><ul><li>190\u20ac per la casa, 10\u20ac extra per persona en <strong>temporada baixa.<\/strong><\/li><li>230\u20ac per la casa, 10\u20ac extra per persona en <strong>temporada alta*<\/strong><\/li><\/ul><p><strong><em>*Temporada alta: Setmana santa, Juny, Juliol, Agost, Septembre, Tots Sants, Setmana de la Constituci\u00f3 i Festes de Nadal a Reis.<\/em><\/strong><\/p>\t\t\t\t\t\t\t\t<\/div>\n\t\t\t\t<\/div>\n\t\t\t\t<div class=\"elementor-element elementor-element-02aad78 elementor-widget elementor-widget-heading\" data-id=\"02aad78\" data-element_type=\"widget\" data-e-type=\"widget\" data-widget_type=\"heading.default\">\n\t\t\t\t<div class=\"elementor-widget-container\">\n\t\t\t\t\t<h3 class=\"elementor-heading-title elementor-size-default\">Amb descomptes a partir de la primera setmana!<\/h3>\t\t\t\t<\/div>\n\t\t\t\t<\/div>\n\t\t\t\t<div class=\"elementor-element elementor-element-2a12cf8 elementor-widget elementor-widget-spacer\" data-id=\"2a12cf8\" data-element_type=\"widget\" data-e-type=\"widget\" data-widget_type=\"spacer.default\">\n\t\t\t\t<div class=\"elementor-widget-container\">\n\t\t\t\t\t\t\t<div class=\"elementor-spacer\">\n\t\t\t<div class=\"elementor-spacer-inner\"><\/div>\n\t\t<\/div>\n\t\t\t\t\t\t<\/div>\n\t\t\t\t<\/div>\n\t\t\t\t\t<\/div>\n\t\t\t\t<\/div>\n\t\t<div class=\"elementor-element elementor-element-c2cd50f e-flex e-con-boxed e-con e-parent\" data-id=\"c2cd50f\" data-element_type=\"container\" data-e-type=\"container\">\n\t\t\t\t\t<div class=\"e-con-inner\">\n\t\t<div class=\"elementor-element elementor-element-ec426e5 e-con-full e-flex e-con e-child\" data-id=\"ec426e5\" data-element_type=\"container\" data-e-type=\"container\">\n\t\t\t\t<div class=\"elementor-element elementor-element-554d6ef elementor-widget elementor-widget-image\" data-id=\"554d6ef\" data-element_type=\"widget\" data-e-type=\"widget\" data-widget_type=\"image.default\">\n\t\t\t\t<div class=\"elementor-widget-container\">\n\t\t\t\t\t\t\t\t\t\t\t\t\t\t\t<img decoding=\"async\" src=\"https:\/\/www.casantiagocasarural.com\/wp-content\/uploads\/elementor\/thumbs\/Casa-Santiago-104-2-qj2c3maoeh4clfe07xje5j4chwwck3e7qxsffnf2oo.jpg\" title=\"Casa Santiago\" alt=\"Foto decorativa de Casa Santiago\" loading=\"lazy\" \/>\t\t\t\t\t\t\t\t\t\t\t\t\t\t\t<\/div>\n\t\t\t\t<\/div>\n\t\t\t\t<\/div>\n\t\t<div class=\"elementor-element elementor-element-24992e1 e-con-full e-flex e-con e-child\" data-id=\"24992e1\" data-element_type=\"container\" data-e-type=\"container\">\n\t\t\t\t<div class=\"elementor-element elementor-element-b57c496 elementor-widget elementor-widget-text-editor\" data-id=\"b57c496\" data-element_type=\"widget\" data-e-type=\"widget\" data-widget_type=\"text-editor.default\">\n\t\t\t\t<div class=\"elementor-widget-container\">\n\t\t\t\t\t\t\t\t\t<h1>CONDICIONS<\/h1><ul><li>M\u00ednima estancia de 2 nits.<\/li><li>100 euros de fian\u00e7a al realitzar la reserva i es retornaran al final de l&#8217;estada. La fian\u00e7a no es retorna si es cancel.la la reserva en menys d&#8217;un mes d&#8217;antelaci\u00f3 (en temporada alta, dos mesos).<\/li><li>Hora de Check-In: A partir de les 12 hores (flexible).<\/li><li>Hora de Check-Out: A partir de les 11 hores (flexible).<\/li><li>La casa disposa de <em>lockers<\/em> amb claus, per adaptar les entrades i sortides a les necessitats dels clients.<\/li><li><p>No s&#8217;admeten animals de companyia. Est\u00e0 prohibit fer festes o soroll. Est\u00e0 prohibit fumar.<\/p><\/li><\/ul>\t\t\t\t\t\t\t\t<\/div>\n\t\t\t\t<\/div>\n\t\t\t\t<\/div>\n\t\t\t\t\t<\/div>\n\t\t\t\t<\/div>\n\t\t<div class=\"elementor-element elementor-element-e7447c5 e-flex e-con-boxed e-con e-parent\" data-id=\"e7447c5\" data-element_type=\"container\" data-e-type=\"container\">\n\t\t\t\t\t<div class=\"e-con-inner\">\n\t\t\t\t<div class=\"elementor-element elementor-element-b1f8732 elementor-widget elementor-widget-spacer\" data-id=\"b1f8732\" data-element_type=\"widget\" data-e-type=\"widget\" data-widget_type=\"spacer.default\">\n\t\t\t\t<div class=\"elementor-widget-container\">\n\t\t\t\t\t\t\t<div class=\"elementor-spacer\">\n\t\t\t<div class=\"elementor-spacer-inner\"><\/div>\n\t\t<\/div>\n\t\t\t\t\t\t<\/div>\n\t\t\t\t<\/div>\n\t\t\t\t<div class=\"elementor-element elementor-element-ad8281f elementor-widget elementor-widget-text-editor\" data-id=\"ad8281f\" data-element_type=\"widget\" data-e-type=\"widget\" data-widget_type=\"text-editor.default\">\n\t\t\t\t<div class=\"elementor-widget-container\">\n\t\t\t\t\t\t\t\t\t<h4>Per a Reserves &amp; M\u00e9s Informaci\u00f3:<\/h4><p>Tel\u00e8fons:<strong> +34 626 853 264\u00a0 |||\u00a0 \u00a0<\/strong><strong>+34 676 436 473<\/strong><\/p><p><a href=\"mailto:info@casantiago.com\">casaruralsantiago@hotmail.com<\/a><\/p>\t\t\t\t\t\t\t\t<\/div>\n\t\t\t\t<\/div>\n\t\t\t\t<div class=\"elementor-element elementor-element-4789e13 elementor-widget elementor-widget-text-editor\" data-id=\"4789e13\" data-element_type=\"widget\" data-e-type=\"widget\" data-widget_type=\"text-editor.default\">\n\t\t\t\t<div class=\"elementor-widget-container\">\n\t\t\t\t\t\t\t\t\t<h2>Calendari reserves<\/h2>\t\t\t\t\t\t\t\t<\/div>\n\t\t\t\t<\/div>\n\t\t\t\t<div class=\"elementor-element elementor-element-9f86275 elementor-widget elementor-widget-shortcode\" data-id=\"9f86275\" data-element_type=\"widget\" data-e-type=\"widget\" data-widget_type=\"shortcode.default\">\n\t\t\t\t<div class=\"elementor-widget-container\">\n\t\t\t\t\t\t\t<div class=\"elementor-shortcode\"><iframe src=\"https:\/\/calendar.google.com\/calendar\/embed?src=a551171f9810e1648549859da2039c9a0811c6219dda98e606225adf569b994a%40group.calendar.google.com&ctz=Europe%2FMadrid\" style=\"border: 0\" width=\"800\" height=\"600\" frameborder=\"0\" scrolling=\"no\"><\/iframe><\/div>\n\t\t\t\t\t\t<\/div>\n\t\t\t\t<\/div>\n\t\t\t\t<div class=\"elementor-element elementor-element-de6ab6a elementor-widget elementor-widget-spacer\" data-id=\"de6ab6a\" data-element_type=\"widget\" data-e-type=\"widget\" data-widget_type=\"spacer.default\">\n\t\t\t\t<div class=\"elementor-widget-container\">\n\t\t\t\t\t\t\t<div class=\"elementor-spacer\">\n\t\t\t<div class=\"elementor-spacer-inner\"><\/div>\n\t\t<\/div>\n\t\t\t\t\t\t<\/div>\n\t\t\t\t<\/div>\n\t\t\t\t<div class=\"elementor-element elementor-element-0489f0e elementor-widget elementor-widget-text-editor\" data-id=\"0489f0e\" data-element_type=\"widget\" data-e-type=\"widget\" data-widget_type=\"text-editor.default\">\n\t\t\t\t<div class=\"elementor-widget-container\">\n\t\t\t\t\t\t\t\t\t<h3>O emplena aquest formulari i et contestarem el m\u00e9s aviat possible!<\/h3>\t\t\t\t\t\t\t\t<\/div>\n\t\t\t\t<\/div>\n\t\t\t\t<div class=\"elementor-element elementor-element-bd9db6c elementor-widget elementor-widget-qi_addons_for_elementor_contact_form_7\" data-id=\"bd9db6c\" data-element_type=\"widget\" data-e-type=\"widget\" data-widget_type=\"qi_addons_for_elementor_contact_form_7.default\">\n\t\t\t\t<div class=\"elementor-widget-container\">\n\t\t\t\t\t<div class=\"qodef-shortcode qodef-m qodef-qi-contact-form-7\">\n\t\n<div class=\"wpcf7 no-js\" id=\"wpcf7-f668-o1\" lang=\"es-ES\" dir=\"ltr\" data-wpcf7-id=\"668\">\n<div class=\"screen-reader-response\"><p role=\"status\" aria-live=\"polite\" aria-atomic=\"true\"><\/p> <ul><\/ul><\/div>\n<form action=\"\/index.php\/wp-json\/wp\/v2\/pages\/551#wpcf7-f668-o1\" method=\"post\" class=\"wpcf7-form init\" aria-label=\"Formulario de contacto\" novalidate=\"novalidate\" data-status=\"init\">\n<fieldset class=\"hidden-fields-container\"><input type=\"hidden\" name=\"_wpcf7\" value=\"668\" \/><input type=\"hidden\" name=\"_wpcf7_version\" value=\"6.1.5\" \/><input type=\"hidden\" name=\"_wpcf7_locale\" value=\"es_ES\" \/><input type=\"hidden\" name=\"_wpcf7_unit_tag\" value=\"wpcf7-f668-o1\" \/><input type=\"hidden\" name=\"_wpcf7_container_post\" value=\"0\" \/><input type=\"hidden\" name=\"_wpcf7_posted_data_hash\" value=\"\" \/>\n<\/fieldset>\n<label> El teu nom*\n    <span class=\"wpcf7-form-control-wrap\" data-name=\"your-name\"><input size=\"40\" maxlength=\"400\" class=\"wpcf7-form-control wpcf7-text wpcf7-validates-as-required\" autocomplete=\"name\" aria-required=\"true\" aria-invalid=\"false\" placeholder=\"Nom Cognom\/s\" value=\"\" type=\"text\" name=\"your-name\" \/><\/span> <\/label>\n\n<label> El teu correu electronic*\n    <span class=\"wpcf7-form-control-wrap\" data-name=\"your-email\"><input size=\"40\" maxlength=\"400\" class=\"wpcf7-form-control wpcf7-email wpcf7-validates-as-required wpcf7-text wpcf7-validates-as-email\" autocomplete=\"email\" aria-required=\"true\" aria-invalid=\"false\" placeholder=\"exemple@gmail.com\" value=\"\" type=\"email\" name=\"your-email\" \/><\/span> <\/label>\n\n<label> Assumpte*\n    <span class=\"wpcf7-form-control-wrap\" data-name=\"your-subject\"><input size=\"40\" maxlength=\"400\" class=\"wpcf7-form-control wpcf7-text wpcf7-validates-as-required\" aria-required=\"true\" aria-invalid=\"false\" placeholder=\"Exemple: Reserva dia 25 de juny\" value=\"\" type=\"text\" name=\"your-subject\" \/><\/span> <\/label>\n\n<label> Missatge*\n    <span class=\"wpcf7-form-control-wrap\" data-name=\"your-message\"><textarea cols=\"40\" rows=\"10\" maxlength=\"2000\" class=\"wpcf7-form-control wpcf7-textarea\" aria-invalid=\"false\" placeholder=\"Aqui explica els teus dubtes i el que necessitis\" name=\"your-message\"><\/textarea><\/span> <\/label>\n\n<input class=\"wpcf7-form-control wpcf7-submit has-spinner\" type=\"submit\" value=\"Enviar\" \/>\n\n<label>Els camps marcats amb ' * ' son obligatoris. <\/label><div class=\"wpcf7-response-output\" aria-hidden=\"true\"><\/div>\n<\/form>\n<\/div>\n<\/div>\n\t\t\t\t<\/div>\n\t\t\t\t<\/div>\n\t\t\t\t\t<\/div>\n\t\t\t\t<\/div>\n\t\t<div class=\"elementor-element elementor-element-bf83f81 e-flex e-con-boxed e-con e-parent\" data-id=\"bf83f81\" data-element_type=\"container\" data-e-type=\"container\">\n\t\t\t\t\t<div class=\"e-con-inner\">\n\t\t<div class=\"elementor-element elementor-element-6423a4b e-flex e-con-boxed e-con e-child\" data-id=\"6423a4b\" data-element_type=\"container\" data-e-type=\"container\">\n\t\t\t\t\t<div class=\"e-con-inner\">\n\t\t\t\t<div class=\"elementor-element elementor-element-661f723 elementor-widget elementor-widget-google_maps\" data-id=\"661f723\" data-element_type=\"widget\" data-e-type=\"widget\" data-widget_type=\"google_maps.default\">\n\t\t\t\t<div class=\"elementor-widget-container\">\n\t\t\t\t\t\t\t<div class=\"elementor-custom-embed\">\n\t\t\t<iframe loading=\"lazy\"\n\t\t\t\t\tsrc=\"https:\/\/maps.google.com\/maps?q=Tivenys&#038;t=m&#038;z=10&#038;output=embed&#038;iwloc=near\"\n\t\t\t\t\ttitle=\"Tivenys\"\n\t\t\t\t\taria-label=\"Tivenys\"\n\t\t\t><\/iframe>\n\t\t<\/div>\n\t\t\t\t\t\t<\/div>\n\t\t\t\t<\/div>\n\t\t\t\t\t<\/div>\n\t\t\t\t<\/div>\n\t\t\t\t\t<\/div>\n\t\t\t\t<\/div>\n\t\t\t\t<\/div>\n\t\t","protected":false},"excerpt":{"rendered":"<p>LA LLAR DE BAIX 100\u20ac per la casa, 10\u20ac extra per persona en temporada baixa. 120\u20ac per la casa,\u00a010\u20ac extra per persona en temporada alta* L&#8217;ANGORFA 90\u20ac per la casa, 10\u20ac extra per persona en temporada baixa. 110\u20ac per la casa, 10\u20ac extra per persona en temporada alta* LA CASA SENCERA (LLAR DE BAIX + &hellip; <a href=\"https:\/\/www.casantiagocasarural.com\/index.php\/preus-i-reserves\/\" class=\"more-link\">Continue reading<span class=\"screen-reader-text\"> &#8220;Preus i Reserves&#8221;<\/span><\/a><\/p>\n","protected":false},"author":1,"featured_media":0,"parent":0,"menu_order":0,"comment_status":"closed","ping_status":"closed","template":"template-full-width-page.php","meta":{"footnotes":""},"class_list":["post-551","page","type-page","status-publish","hentry"],"jetpack_sharing_enabled":true,"_links":{"self":[{"href":"https:\/\/www.casantiagocasarural.com\/index.php\/wp-json\/wp\/v2\/pages\/551","targetHints":{"allow":["GET"]}}],"collection":[{"href":"https:\/\/www.casantiagocasarural.com\/index.php\/wp-json\/wp\/v2\/pages"}],"about":[{"href":"https:\/\/www.casantiagocasarural.com\/index.php\/wp-json\/wp\/v2\/types\/page"}],"author":[{"embeddable":true,"href":"https:\/\/www.casantiagocasarural.com\/index.php\/wp-json\/wp\/v2\/users\/1"}],"replies":[{"embeddable":true,"href":"https:\/\/www.casantiagocasarural.com\/index.php\/wp-json\/wp\/v2\/comments?post=551"}],"version-history":[{"count":61,"href":"https:\/\/www.casantiagocasarural.com\/index.php\/wp-json\/wp\/v2\/pages\/551\/revisions"}],"predecessor-version":[{"id":1067,"href":"https:\/\/www.casantiagocasarural.com\/index.php\/wp-json\/wp\/v2\/pages\/551\/revisions\/1067"}],"wp:attachment":[{"href":"https:\/\/www.casantiagocasarural.com\/index.php\/wp-json\/wp\/v2\/media?parent=551"}],"curies":[{"name":"wp","href":"https:\/\/api.w.org\/{rel}","templated":true}]}}