{"id":199,"date":"2017-05-29T09:00:54","date_gmt":"2017-05-29T09:00:54","guid":{"rendered":"http:\/\/themes.getmotopress.com\/oceanica\/?page_id=199"},"modified":"2024-10-09T07:28:03","modified_gmt":"2024-10-09T07:28:03","slug":"qui-som","status":"publish","type":"page","link":"https:\/\/www.casantiagocasarural.com\/index.php\/qui-som\/","title":{"rendered":"Sobre Casa Santiago"},"content":{"rendered":"\t\t<div data-elementor-type=\"wp-page\" data-elementor-id=\"199\" class=\"elementor elementor-199\">\n\t\t\t\t<div class=\"elementor-element elementor-element-7ce0bd93 e-flex e-con-boxed e-con e-parent\" data-id=\"7ce0bd93\" data-element_type=\"container\" data-e-type=\"container\">\n\t\t\t\t\t<div class=\"e-con-inner\">\n\t\t\t\t<div class=\"elementor-element elementor-element-754acc4f elementor-widget elementor-widget-text-editor\" data-id=\"754acc4f\" data-element_type=\"widget\" data-e-type=\"widget\" data-widget_type=\"text-editor.default\">\n\t\t\t\t<div class=\"elementor-widget-container\">\n\t\t\t\t\t\t\t\t\t<p>Casa Santiago \u00e9s una acollidora casa de poble constru\u00efda a principis del segle XX.<\/p><p>Est\u00e0 situada al bell mig del poble de Tivenys, un poble tranquil a la vora de l&#8217;Ebre. El seu empla\u00e7ament \u00e9s privilegiat, amb comer\u00e7os ben a prop, cafeteria i a tocar del parc, m\u00e9s conegut com <em>&#8220;lo parque&#8221;<\/em>, on hi ha tamb\u00e9 les piscines municipals i un restaurant on s&#8217;hi menja molt b\u00e9.<\/p><p>En els seus or\u00edgens era coneguda com <em>&#8220;Ca Pepet de l\u2019Era&#8221;, <\/em>ja que antigament all\u00ed hi havia una era on es batia el blat. Als pobles la gent es coneix pel renom de la casa. All\u00ed hi vivien Pepet <em>&#8220;de l&#8217;Era&#8221;<\/em> i Maria <em>&#8220;de la Xorda&#8221;<\/em> juntament amb els seus dos fills, Santiago i Carmeta. Eren una fam\u00edlia de pagesos que normalment residien a l&#8217;hort, per\u00f2 quan havien d&#8217;elaborar p\u00e0 o es celebraven les festes majors es quedaven al poble.<\/p><p><img fetchpriority=\"high\" decoding=\"async\" class=\"aligncenter wp-image-1030 size-full\" src=\"https:\/\/www.casantiagocasarural.com\/wp-content\/uploads\/2024\/10\/250.jpg\" alt=\"Casa Santiago\" width=\"1600\" height=\"1066\" srcset=\"https:\/\/www.casantiagocasarural.com\/wp-content\/uploads\/2024\/10\/250.jpg 1600w, https:\/\/www.casantiagocasarural.com\/wp-content\/uploads\/2024\/10\/250-300x200.jpg 300w, https:\/\/www.casantiagocasarural.com\/wp-content\/uploads\/2024\/10\/250-1024x682.jpg 1024w, https:\/\/www.casantiagocasarural.com\/wp-content\/uploads\/2024\/10\/250-768x512.jpg 768w, https:\/\/www.casantiagocasarural.com\/wp-content\/uploads\/2024\/10\/250-1536x1023.jpg 1536w, https:\/\/www.casantiagocasarural.com\/wp-content\/uploads\/2024\/10\/250-841x560.jpg 841w, https:\/\/www.casantiagocasarural.com\/wp-content\/uploads\/2024\/10\/250-840x560.jpg 840w\" sizes=\"(max-width: 1600px) 100vw, 1600px\" \/><\/p><p>Santiago era un home tranquil, pag\u00e8s, que gaudia treballant la terra.<\/p><p>Ca Santiago segueix la l\u00ednia de les t\u00edpiques cases de l&#8217;\u00e8poca de la zona, una planta baixa on hi havia la cuina, la dispensa i el magatzem, un primer pis on s&#8217;hi trobaven les habitacions i una angorfa. Ara hem volgut donar un aire nou a aquesta casa, restaurant-la en molta cura i respectant els elements genu\u00efns de la mateixa, com les parets de pedra i de totxos, la teulada de fusta i rajoles, les diferents arcades, mobles i moltes altres peculiaritats.<\/p><p><img decoding=\"async\" class=\"aligncenter wp-image-664 size-full\" src=\"https:\/\/www.casantiagocasarural.com\/wp-content\/uploads\/2024\/01\/Casa-Santiago-89-1.jpg\" alt=\"\" width=\"1600\" height=\"1066\" srcset=\"https:\/\/www.casantiagocasarural.com\/wp-content\/uploads\/2024\/01\/Casa-Santiago-89-1.jpg 1600w, https:\/\/www.casantiagocasarural.com\/wp-content\/uploads\/2024\/01\/Casa-Santiago-89-1-300x200.jpg 300w, https:\/\/www.casantiagocasarural.com\/wp-content\/uploads\/2024\/01\/Casa-Santiago-89-1-1024x682.jpg 1024w, https:\/\/www.casantiagocasarural.com\/wp-content\/uploads\/2024\/01\/Casa-Santiago-89-1-768x512.jpg 768w, https:\/\/www.casantiagocasarural.com\/wp-content\/uploads\/2024\/01\/Casa-Santiago-89-1-1536x1023.jpg 1536w, https:\/\/www.casantiagocasarural.com\/wp-content\/uploads\/2024\/01\/Casa-Santiago-89-1-841x560.jpg 841w, https:\/\/www.casantiagocasarural.com\/wp-content\/uploads\/2024\/01\/Casa-Santiago-89-1-840x560.jpg 840w\" sizes=\"(max-width: 1600px) 100vw, 1600px\" \/><\/p><p>Hem dividit la casa en dos habitatges que es complementen:<\/p><p>&#8211;\u00a0 &#8220;La Llar de Baix&#8221;, que consta d&#8217;una planta baixa i un primer pis, amb una cuina i un menjador, dos banys i tres habitacions.<\/p><p>&#8211; &#8220;L&#8217;Angorfa&#8221;, que \u00e9s una zona di\u00e0fana, tipus<em> loft<\/em>, amb cuina i menjador, dos habitacions i un bany.<\/p><p>La casa est\u00e0 equipada amb totes les comoditats i detalls per tal que els clients s&#8217;hi trobin com a casa.<\/p><h4>Per a Reserves &amp; Mes Informaci\u00f3:<\/h4><p>Tel\u00e8fons:<strong> +34 626 853 264\u00a0 |||\u00a0 \u00a0<\/strong><strong>+34 676 436 473<\/strong><\/p><p><a href=\"mailto:info@casantiago.com\">info@casantiago.com<\/a><\/p>\t\t\t\t\t\t\t\t<\/div>\n\t\t\t\t<\/div>\n\t\t\t\t<div class=\"elementor-element elementor-element-76b9464 elementor-widget elementor-widget-qi_addons_for_elementor_button\" data-id=\"76b9464\" data-element_type=\"widget\" data-e-type=\"widget\" data-widget_type=\"qi_addons_for_elementor_button.default\">\n\t\t\t\t<div class=\"elementor-widget-container\">\n\t\t\t\t\t<a class=\"qodef-shortcode qodef-m qodef-qi-button qodef-html--link qodef-layout--filled qodef-type--standard qodef-size--full qodef-icon--right qodef-hover--icon-move-horizontal-short qodef-text-underline qodef-underline--left\" href=\"\/index.php\/preus-i-reserves\" target=\"_self\">\n\t<span class=\"qodef-m-text\">Preus i Reserves<\/span>\n\t<\/a>\n\t\t\t\t<\/div>\n\t\t\t\t<\/div>\n\t\t\t\t\t<\/div>\n\t\t\t\t<\/div>\n\t\t\t\t<\/div>\n\t\t","protected":false},"excerpt":{"rendered":"<p>La teva casa rural a les Terres de l&#8217;Ebre<\/p>\n","protected":false},"author":1,"featured_media":794,"parent":0,"menu_order":0,"comment_status":"closed","ping_status":"closed","template":"template-full-width-page.php","meta":{"footnotes":""},"class_list":["post-199","page","type-page","status-publish","has-post-thumbnail","hentry"],"jetpack_sharing_enabled":true,"_links":{"self":[{"href":"https:\/\/www.casantiagocasarural.com\/index.php\/wp-json\/wp\/v2\/pages\/199","targetHints":{"allow":["GET"]}}],"collection":[{"href":"https:\/\/www.casantiagocasarural.com\/index.php\/wp-json\/wp\/v2\/pages"}],"about":[{"href":"https:\/\/www.casantiagocasarural.com\/index.php\/wp-json\/wp\/v2\/types\/page"}],"author":[{"embeddable":true,"href":"https:\/\/www.casantiagocasarural.com\/index.php\/wp-json\/wp\/v2\/users\/1"}],"replies":[{"embeddable":true,"href":"https:\/\/www.casantiagocasarural.com\/index.php\/wp-json\/wp\/v2\/comments?post=199"}],"version-history":[{"count":38,"href":"https:\/\/www.casantiagocasarural.com\/index.php\/wp-json\/wp\/v2\/pages\/199\/revisions"}],"predecessor-version":[{"id":1033,"href":"https:\/\/www.casantiagocasarural.com\/index.php\/wp-json\/wp\/v2\/pages\/199\/revisions\/1033"}],"wp:featuredmedia":[{"embeddable":true,"href":"https:\/\/www.casantiagocasarural.com\/index.php\/wp-json\/wp\/v2\/media\/794"}],"wp:attachment":[{"href":"https:\/\/www.casantiagocasarural.com\/index.php\/wp-json\/wp\/v2\/media?parent=199"}],"curies":[{"name":"wp","href":"https:\/\/api.w.org\/{rel}","templated":true}]}}

<div data-elementor-type="wp-page" data-elementor-id="199" class="elementor elementor-199">
				<div class="elementor-element elementor-element-7ce0bd93 e-flex e-con-boxed e-con e-parent" data-id="7ce0bd93" data-element_type="container" data-e-type="container">
					<div class="e-con-inner">
				<div class="elementor-element elementor-element-754acc4f elementor-widget elementor-widget-text-editor" data-id="754acc4f" data-element_type="widget" data-e-type="widget" data-widget_type="text-editor.default">
				<div class="elementor-widget-container">
									<p>Casa Santiago és una acollidora casa de poble construïda a principis del segle XX.</p><p>Està situada al bell mig del poble de Tivenys, un poble tranquil a la vora de l&#8217;Ebre. El seu emplaçament és privilegiat, amb comerços ben a prop, cafeteria i a tocar del parc, més conegut com <em>&#8220;lo parque&#8221;</em>, on hi ha també les piscines municipals i un restaurant on s&#8217;hi menja molt bé.</p><p>En els seus orígens era coneguda com <em>&#8220;Ca Pepet de l’Era&#8221;, </em>ja que antigament allí hi havia una era on es batia el blat. Als pobles la gent es coneix pel renom de la casa. Allí hi vivien Pepet <em>&#8220;de l&#8217;Era&#8221;</em> i Maria <em>&#8220;de la Xorda&#8221;</em> juntament amb els seus dos fills, Santiago i Carmeta. Eren una família de pagesos que normalment residien a l&#8217;hort, però quan havien d&#8217;elaborar pà o es celebraven les festes majors es quedaven al poble.</p><p><img fetchpriority="high" decoding="async" class="aligncenter wp-image-1030 size-full" src="https://www.casantiagocasarural.com/wp-content/uploads/2024/10/250.jpg" alt="Casa Santiago" width="1600" height="1066" srcset="https://www.casantiagocasarural.com/wp-content/uploads/2024/10/250.jpg 1600w, https://www.casantiagocasarural.com/wp-content/uploads/2024/10/250-300x200.jpg 300w, https://www.casantiagocasarural.com/wp-content/uploads/2024/10/250-1024x682.jpg 1024w, https://www.casantiagocasarural.com/wp-content/uploads/2024/10/250-768x512.jpg 768w, https://www.casantiagocasarural.com/wp-content/uploads/2024/10/250-1536x1023.jpg 1536w, https://www.casantiagocasarural.com/wp-content/uploads/2024/10/250-841x560.jpg 841w, https://www.casantiagocasarural.com/wp-content/uploads/2024/10/250-840x560.jpg 840w" sizes="(max-width: 1600px) 100vw, 1600px" /></p><p>Santiago era un home tranquil, pagès, que gaudia treballant la terra.</p><p>Ca Santiago segueix la línia de les típiques cases de l&#8217;època de la zona, una planta baixa on hi havia la cuina, la dispensa i el magatzem, un primer pis on s&#8217;hi trobaven les habitacions i una angorfa. Ara hem volgut donar un aire nou a aquesta casa, restaurant-la en molta cura i respectant els elements genuïns de la mateixa, com les parets de pedra i de totxos, la teulada de fusta i rajoles, les diferents arcades, mobles i moltes altres peculiaritats.</p><p><img decoding="async" class="aligncenter wp-image-664 size-full" src="https://www.casantiagocasarural.com/wp-content/uploads/2024/01/Casa-Santiago-89-1.jpg" alt="" width="1600" height="1066" srcset="https://www.casantiagocasarural.com/wp-content/uploads/2024/01/Casa-Santiago-89-1.jpg 1600w, https://www.casantiagocasarural.com/wp-content/uploads/2024/01/Casa-Santiago-89-1-300x200.jpg 300w, https://www.casantiagocasarural.com/wp-content/uploads/2024/01/Casa-Santiago-89-1-1024x682.jpg 1024w, https://www.casantiagocasarural.com/wp-content/uploads/2024/01/Casa-Santiago-89-1-768x512.jpg 768w, https://www.casantiagocasarural.com/wp-content/uploads/2024/01/Casa-Santiago-89-1-1536x1023.jpg 1536w, https://www.casantiagocasarural.com/wp-content/uploads/2024/01/Casa-Santiago-89-1-841x560.jpg 841w, https://www.casantiagocasarural.com/wp-content/uploads/2024/01/Casa-Santiago-89-1-840x560.jpg 840w" sizes="(max-width: 1600px) 100vw, 1600px" /></p><p>Hem dividit la casa en dos habitatges que es complementen:</p><p>&#8211;  &#8220;La Llar de Baix&#8221;, que consta d&#8217;una planta baixa i un primer pis, amb una cuina i un menjador, dos banys i tres habitacions.</p><p>&#8211; &#8220;L&#8217;Angorfa&#8221;, que és una zona diàfana, tipus<em> loft</em>, amb cuina i menjador, dos habitacions i un bany.</p><p>La casa està equipada amb totes les comoditats i detalls per tal que els clients s&#8217;hi trobin com a casa.</p><h4>Per a Reserves &amp; Mes Informació:</h4><p>Telèfons:<strong> +34 626 853 264  |||   </strong><strong>+34 676 436 473</strong></p><p><a href="mailto:info@casantiago.com">info@casantiago.com</a></p>								</div>
				</div>
				<div class="elementor-element elementor-element-76b9464 elementor-widget elementor-widget-qi_addons_for_elementor_button" data-id="76b9464" data-element_type="widget" data-e-type="widget" data-widget_type="qi_addons_for_elementor_button.default">
				<div class="elementor-widget-container">
					<a class="qodef-shortcode qodef-m qodef-qi-button qodef-html--link qodef-layout--filled qodef-type--standard qodef-size--full qodef-icon--right qodef-hover--icon-move-horizontal-short qodef-text-underline qodef-underline--left" href="/index.php/preus-i-reserves" target="_self">
	<span class="qodef-m-text">Preus i Reserves</span>
	</a>
				</div>
				</div>
					</div>
				</div>
				</div>
